{"id":1067,"date":"2018-07-12T12:43:45","date_gmt":"2018-07-12T12:43:45","guid":{"rendered":"http:\/\/institutbuhara.com\/?page_id=1067"},"modified":"2022-12-30T14:39:48","modified_gmt":"2022-12-30T12:39:48","slug":"enstitu%cc%88-binamiz","status":"publish","type":"page","link":"https:\/\/institutbuhara.de\/?page_id=1067","title":{"rendered":"ENSIT\u00dcT\u00dc BINAMIZ"},"content":{"rendered":"\t\t<div data-elementor-type=\"wp-page\" data-elementor-id=\"1067\" class=\"elementor elementor-1067\" data-elementor-settings=\"[]\">\n\t\t\t\t\t\t<div class=\"elementor-inner\">\n\t\t\t\t\t\t\t<div class=\"elementor-section-wrap\">\n\t\t\t\t\t\t\t<section class=\"elementor-section elementor-top-section elementor-element elementor-element-58f6ab8d elementor-section-full_width elementor-section-height-default elementor-section-height-default\" data-id=\"58f6ab8d\" data-element_type=\"section\">\n\t\t\t\t\t\t<div class=\"elementor-container elementor-column-gap-no\">\n\t\t\t\t\t\t\t<div class=\"elementor-row\">\n\t\t\t\t\t<div class=\"elementor-column elementor-col-100 elementor-top-column elementor-element elementor-element-745a9a34\" data-id=\"745a9a34\" data-element_type=\"column\">\n\t\t\t<div class=\"elementor-column-wrap elementor-element-populated\">\n\t\t\t\t\t\t\t<div class=\"elementor-widget-wrap\">\n\t\t\t\t\t\t<div class=\"elementor-element elementor-element-6202cf67 elementor-widget elementor-widget-shortcode\" data-id=\"6202cf67\" data-element_type=\"widget\" data-widget_type=\"shortcode.default\">\n\t\t\t\t<div class=\"elementor-widget-container\">\n\t\t\t\t\t<div class=\"elementor-shortcode\">\t\t<div data-elementor-type=\"page\" data-elementor-id=\"1786\" class=\"elementor elementor-1786\" data-elementor-settings=\"[]\">\n\t\t\t\t\t\t<div class=\"elementor-inner\">\n\t\t\t\t\t\t\t<div class=\"elementor-section-wrap\">\n\t\t\t\t\t\t\t<section class=\"elementor-section elementor-top-section elementor-element elementor-element-76b31463 elementor-section-height-min-height elementor-section-boxed elementor-section-height-default elementor-section-items-middle\" data-id=\"76b31463\" data-element_type=\"section\" data-settings=\"{&quot;background_background&quot;:&quot;gradient&quot;,&quot;shape_divider_bottom&quot;:&quot;waves&quot;}\">\n\t\t\t\t\t\t\t<div class=\"elementor-background-overlay\"><\/div>\n\t\t\t\t\t\t<div class=\"elementor-shape elementor-shape-bottom\" data-negative=\"false\">\n\t\t\t<svg xmlns=\"http:\/\/www.w3.org\/2000\/svg\" viewBox=\"0 0 1000 100\" preserveAspectRatio=\"none\">\n\t<path class=\"elementor-shape-fill\" d=\"M421.9,6.5c22.6-2.5,51.5,0.4,75.5,5.3c23.6,4.9,70.9,23.5,100.5,35.7c75.8,32.2,133.7,44.5,192.6,49.7\n\tc23.6,2.1,48.7,3.5,103.4-2.5c54.7-6,106.2-25.6,106.2-25.6V0H0v30.3c0,0,72,32.6,158.4,30.5c39.2-0.7,92.8-6.7,134-22.4\n\tc21.2-8.1,52.2-18.2,79.7-24.2C399.3,7.9,411.6,7.5,421.9,6.5z\"\/>\n<\/svg>\t\t<\/div>\n\t\t\t\t\t<div class=\"elementor-container elementor-column-gap-default\">\n\t\t\t\t\t\t\t<div class=\"elementor-row\">\n\t\t\t\t\t<div class=\"elementor-column elementor-col-100 elementor-top-column elementor-element elementor-element-11d14409\" data-id=\"11d14409\" data-element_type=\"column\">\n\t\t\t<div class=\"elementor-column-wrap elementor-element-populated\">\n\t\t\t\t\t\t\t<div class=\"elementor-widget-wrap\">\n\t\t\t\t\t\t<div class=\"elementor-element elementor-element-78dab8c0 elementor-widget elementor-widget-heading\" data-id=\"78dab8c0\" data-element_type=\"widget\" data-widget_type=\"heading.default\">\n\t\t\t\t<div class=\"elementor-widget-container\">\n\t\t\t<h1 class=\"elementor-heading-title elementor-size-default\">Enstit\u00fcm\u00fcz\u00fc Gezelim<\/h1>\t\t<\/div>\n\t\t\t\t<\/div>\n\t\t\t\t<div class=\"elementor-element elementor-element-74142ad elementor-widget elementor-widget-heading\" data-id=\"74142ad\" data-element_type=\"widget\" data-widget_type=\"heading.default\">\n\t\t\t\t<div class=\"elementor-widget-container\">\n\t\t\t<h3 class=\"elementor-heading-title elementor-size-default\">Size Yard\u0131mc\u0131 Olmaktan Mutluluk Duyar\u0131z<\/h3>\t\t<\/div>\n\t\t\t\t<\/div>\n\t\t\t\t\t\t<\/div>\n\t\t\t\t\t<\/div>\n\t\t<\/div>\n\t\t\t\t\t\t\t\t<\/div>\n\t\t\t\t\t<\/div>\n\t\t<\/section>\n\t\t\t\t<section class=\"elementor-section elementor-top-section elementor-element elementor-element-532efcb5 elementor-section-height-min-height elementor-section-content-middle elementor-section-boxed elementor-section-height-default elementor-section-items-middle\" data-id=\"532efcb5\" data-element_type=\"section\" data-settings=\"{&quot;background_background&quot;:&quot;classic&quot;}\">\n\t\t\t\t\t\t<div class=\"elementor-container elementor-column-gap-default\">\n\t\t\t\t\t\t\t<div class=\"elementor-row\">\n\t\t\t\t\t<div class=\"elementor-column elementor-col-100 elementor-top-column elementor-element elementor-element-49a99014\" data-id=\"49a99014\" data-element_type=\"column\">\n\t\t\t<div class=\"elementor-column-wrap elementor-element-populated\">\n\t\t\t\t\t\t\t<div class=\"elementor-widget-wrap\">\n\t\t\t\t\t\t<div class=\"elementor-element elementor-element-5b9d3aad elementor-widget-divider--view-line elementor-widget elementor-widget-divider\" data-id=\"5b9d3aad\" data-element_type=\"widget\" data-widget_type=\"divider.default\">\n\t\t\t\t<div class=\"elementor-widget-container\">\n\t\t\t\t\t<div class=\"elementor-divider\">\n\t\t\t<span class=\"elementor-divider-separator\">\n\t\t\t\t\t\t<\/span>\n\t\t<\/div>\n\t\t\t\t<\/div>\n\t\t\t\t<\/div>\n\t\t\t\t<div class=\"elementor-element elementor-element-6ebc6b86 elementor-widget elementor-widget-heading\" data-id=\"6ebc6b86\" data-element_type=\"widget\" data-widget_type=\"heading.default\">\n\t\t\t\t<div class=\"elementor-widget-container\">\n\t\t\t<h3 class=\"elementor-heading-title elementor-size-large\">Enstit\u00fcm\u00fcz\u00fc Gezelim\n<\/h3>\t\t<\/div>\n\t\t\t\t<\/div>\n\t\t\t\t<div class=\"elementor-element elementor-element-246c009d elementor-widget elementor-widget-text-editor\" data-id=\"246c009d\" data-element_type=\"widget\" data-widget_type=\"text-editor.default\">\n\t\t\t\t<div class=\"elementor-widget-container\">\n\t\t\t\t\t<div class=\"elementor-text-editor elementor-clearfix\"><p class=\"p1\">Binan\u0131n alt k\u0131sm\u0131nda yat\u0131l\u0131 okul stat\u00fcs\u00fcnde d\u00fczenlenmi\u015f toplam 68 talebeye kalma imkan\u0131 veren yatakhaneler bulunmaktad\u0131r. Ayn\u0131 katda her t\u00fcrl\u00fc kanuni stat\u00fclere uyan modern 16 tane du\u015flar \u2013lavobalar ve toplam 14 tane tuvaletler-lavobalar bulunmaktad\u0131r.Yatakhane d\u0131\u015f\u0131nda kalan di\u011fer koridorlarda ise b\u00fcy\u00fck bir \u00e7ama\u015f\u0131rhane 5 tane end\u00fcstri \u00e7ama\u015f\u0131r makinesi ve iki tane end\u00fcstri kurutma makinesi bulunmaktad\u0131r. Ayr\u0131 bir odada \u00fct\u00fc odas\u0131 olarak kullan\u0131lmaktad\u0131r.Tabiiki talebelerin \u00f6zel bavul-\u00e7antalar\u0131 i\u00e7inde depo odas\u0131 mevcuttur.<\/p><p class=\"p1\">Ayn\u0131 katta ayr\u0131ca k\u0131\u015f g\u00fcnlerinde e\u011flence ve masa topu gibi spor yapabilmelerini sa\u011flayacak takriben 80 metrekarelik bir oda da mevcuttur. Orta kat tamamiyle e\u011fitim alan\u0131 olarak d\u00fczenlenmi\u015f olup; 1 tane 100 metrekarelik, 2 tane 40 metrekarelik s\u0131n\u0131flar bulunmakta, ayr\u0131ca 3 tane \u00d6\u011fretmen ve toplant\u0131 odas\u0131, 1 tane M\u00fcd\u00fcr-\u0130\u015fletme odas\u0131, ve 1 tane 40 metrekarelik k\u00fct\u00fcphane bulunmaktad\u0131r.E\u011fitim alan\u0131n\u0131n ikinci koridorun da yine 6 tane tuvalet, 1 tane \u00f6z\u00fcrl\u00fcrer tuvaleti, ve lavobalar\u0131 bulunmaktad\u0131r.E\u011fitim alan\u0131n\u0131n \u00fc\u00e7\u00fcnc\u00fc koridoru ise Okulumuzun ana mutfa\u011f\u0131na ve yemek hanelere ayr\u0131lm\u0131\u015ft\u0131r.<\/p><p class=\"p1\">Ayr\u0131ca burada gerek dersleri i\u00e7in gerekse bo\u015f zamanlar\u0131 i\u00e7in talebelere ait bir \u201eHobby Raum\u201c denilen G\u00fczel sanatlar i\u00e7in bir oda bulunmaktad\u0131r. Mutfa\u011f\u0131m\u0131z, tekni\u011fin en son \u015fekliyle kurulmu\u015f olup, her t\u00fcrl\u00fc sa\u011fl\u0131k g\u00fcvencesi al\u0131n\u0131p gerekli kurumlardan tasdiklenmi\u015ftir. Gerekirse ayn\u0131 binan\u0131n 650 metrekarelik b\u00fcy\u00fck salonunda olabilecek faaliyetlere cevap verebilmesi i\u00e7in g\u00fcnde 1000 ki\u015fiye yemek yapabilecek kapasitededir. Binan\u0131n \u00fcst kat\u0131nda yine en son ses ve \u0131\u015f\u0131k sistemiyle donat\u0131lm\u0131\u015f, masa ve sandalyesiyle her t\u00fcrl\u00fc faaliyete haz\u0131rlanm\u0131\u015f 650 metrekarelik bir salon bulunmaktad\u0131r. Bu salonun k\u0131smi kullan\u0131m\u0131da e\u011fitim ama\u00e7l\u0131 olmak \u00fczere okula belirli aral\u0131klarla tahsis edilmektedir.<\/p><p class=\"p1\">Ayr\u0131ca ortalama 150 metrekarelik misafirhanesi olan son b\u00f6l\u00fcmde de gelebilecek misafirlere ve talebe velilerine hitap eden 3 yatakhane, 1 oturma odas\u0131, 3 tuvalet, 2 du\u015f-lavobalar ve bu k\u0131sma hitap eden 1 tanede mutfak bulunmaktad\u0131r. Binan\u0131n d\u0131\u015f b\u00f6l\u00fcm\u00fc yani bah\u00e7e k\u0131sm\u0131nda takriben 2,5 d\u00f6n\u00fcml\u00fck bir alan, yine sosyal faaliyetleri olarak bir mini futbol sahas\u0131, bir basket sahas\u0131 ve masa toplar\u0131 olmak \u00fczere talebelere tahsis edilmi\u015ftir.Bunun d\u0131\u015f\u0131nda kalan alanlarda gezme, dola\u015fma, egzersizlere m\u00fcsait olarak d\u00fczenlenmi\u015ftir.<\/p><\/div>\n\t\t\t\t<\/div>\n\t\t\t\t<\/div>\n\t\t\t\t\t\t<\/div>\n\t\t\t\t\t<\/div>\n\t\t<\/div>\n\t\t\t\t\t\t\t\t<\/div>\n\t\t\t\t\t<\/div>\n\t\t<\/section>\n\t\t\t\t<section class=\"elementor-section elementor-top-section elementor-element elementor-element-38e93d39 elementor-section-height-min-height elementor-section-content-middle elementor-reverse-mobile elementor-section-boxed elementor-section-height-default elementor-section-items-middle\" data-id=\"38e93d39\" data-element_type=\"section\" data-settings=\"{&quot;background_background&quot;:&quot;none&quot;}\">\n\t\t\t\t\t\t<div class=\"elementor-container elementor-column-gap-default\">\n\t\t\t\t\t\t\t<div class=\"elementor-row\">\n\t\t\t\t\t<div class=\"elementor-column elementor-col-100 elementor-top-column elementor-element elementor-element-2f34a232\" data-id=\"2f34a232\" data-element_type=\"column\">\n\t\t\t<div class=\"elementor-column-wrap\">\n\t\t\t\t\t\t\t<div class=\"elementor-widget-wrap\">\n\t\t\t\t\t\t\t\t<\/div>\n\t\t\t\t\t<\/div>\n\t\t<\/div>\n\t\t\t\t\t\t\t\t<\/div>\n\t\t\t\t\t<\/div>\n\t\t<\/section>\n\t\t\t\t<section class=\"elementor-section elementor-top-section elementor-element elementor-element-239880c elementor-section-boxed elementor-section-height-default elementor-section-height-default\" data-id=\"239880c\" data-element_type=\"section\">\n\t\t\t\t\t\t<div class=\"elementor-container elementor-column-gap-default\">\n\t\t\t\t\t\t\t<div class=\"elementor-row\">\n\t\t\t\t\t<div class=\"elementor-column elementor-col-100 elementor-top-column elementor-element elementor-element-5fa08ab\" data-id=\"5fa08ab\" data-element_type=\"column\">\n\t\t\t<div class=\"elementor-column-wrap elementor-element-populated\">\n\t\t\t\t\t\t\t<div class=\"elementor-widget-wrap\">\n\t\t\t\t\t\t<div class=\"elementor-element elementor-element-9c99fca elementor-widget elementor-widget-spacer\" data-id=\"9c99fca\" data-element_type=\"widget\" data-widget_type=\"spacer.default\">\n\t\t\t\t<div class=\"elementor-widget-container\">\n\t\t\t\t\t<div class=\"elementor-spacer\">\n\t\t\t<div class=\"elementor-spacer-inner\"><\/div>\n\t\t<\/div>\n\t\t\t\t<\/div>\n\t\t\t\t<\/div>\n\t\t\t\t\t\t<\/div>\n\t\t\t\t\t<\/div>\n\t\t<\/div>\n\t\t\t\t\t\t\t\t<\/div>\n\t\t\t\t\t<\/div>\n\t\t<\/section>\n\t\t\t\t<section class=\"elementor-section elementor-top-section elementor-element elementor-element-6cebdf3d elementor-section-boxed elementor-section-height-default elementor-section-height-default\" data-id=\"6cebdf3d\" data-element_type=\"section\" data-settings=\"{&quot;background_background&quot;:&quot;gradient&quot;,&quot;shape_divider_top&quot;:&quot;waves&quot;}\">\n\t\t\t\t\t\t\t<div class=\"elementor-background-overlay\"><\/div>\n\t\t\t\t\t\t<div class=\"elementor-shape elementor-shape-top\" data-negative=\"false\">\n\t\t\t<svg xmlns=\"http:\/\/www.w3.org\/2000\/svg\" viewBox=\"0 0 1000 100\" preserveAspectRatio=\"none\">\n\t<path class=\"elementor-shape-fill\" d=\"M421.9,6.5c22.6-2.5,51.5,0.4,75.5,5.3c23.6,4.9,70.9,23.5,100.5,35.7c75.8,32.2,133.7,44.5,192.6,49.7\n\tc23.6,2.1,48.7,3.5,103.4-2.5c54.7-6,106.2-25.6,106.2-25.6V0H0v30.3c0,0,72,32.6,158.4,30.5c39.2-0.7,92.8-6.7,134-22.4\n\tc21.2-8.1,52.2-18.2,79.7-24.2C399.3,7.9,411.6,7.5,421.9,6.5z\"\/>\n<\/svg>\t\t<\/div>\n\t\t\t\t\t<div class=\"elementor-container elementor-column-gap-default\">\n\t\t\t\t\t\t\t<div class=\"elementor-row\">\n\t\t\t\t\t<div class=\"elementor-column elementor-col-50 elementor-top-column elementor-element elementor-element-405bdc86\" data-id=\"405bdc86\" data-element_type=\"column\">\n\t\t\t<div class=\"elementor-column-wrap elementor-element-populated\">\n\t\t\t\t\t\t\t<div class=\"elementor-widget-wrap\">\n\t\t\t\t\t\t<div class=\"elementor-element elementor-element-460939eb elementor-widget elementor-widget-heading\" data-id=\"460939eb\" data-element_type=\"widget\" data-widget_type=\"heading.default\">\n\t\t\t\t<div class=\"elementor-widget-container\">\n\t\t\t<h4 class=\"elementor-heading-title elementor-size-default\">Hizmetlerimiz hakk\u0131nda daha fazla bilgi edinmek ister misiniz?<\/h4>\t\t<\/div>\n\t\t\t\t<\/div>\n\t\t\t\t<div class=\"elementor-element elementor-element-547d67b6 elementor-widget elementor-widget-heading\" data-id=\"547d67b6\" data-element_type=\"widget\" data-widget_type=\"heading.default\">\n\t\t\t\t<div class=\"elementor-widget-container\">\n\t\t\t<h2 class=\"elementor-heading-title elementor-size-default\">Konu\u015fal\u0131m.<\/h2>\t\t<\/div>\n\t\t\t\t<\/div>\n\t\t\t\t\t\t<\/div>\n\t\t\t\t\t<\/div>\n\t\t<\/div>\n\t\t\t\t<div class=\"elementor-column elementor-col-50 elementor-top-column elementor-element elementor-element-44da772f\" data-id=\"44da772f\" data-element_type=\"column\">\n\t\t\t<div class=\"elementor-column-wrap elementor-element-populated\">\n\t\t\t\t\t\t\t<div class=\"elementor-widget-wrap\">\n\t\t\t\t\t\t<div class=\"elementor-element elementor-element-26acad86 elementor-widget elementor-widget-image\" data-id=\"26acad86\" data-element_type=\"widget\" data-settings=\"{&quot;motion_fx_motion_fx_scrolling&quot;:&quot;yes&quot;,&quot;motion_fx_translateY_effect&quot;:&quot;yes&quot;,&quot;motion_fx_translateY_direction&quot;:&quot;negative&quot;,&quot;motion_fx_translateY_speed&quot;:{&quot;unit&quot;:&quot;px&quot;,&quot;size&quot;:&quot;1&quot;,&quot;sizes&quot;:[]},&quot;motion_fx_devices&quot;:[&quot;desktop&quot;,&quot;tablet&quot;],&quot;motion_fx_translateY_affectedRange&quot;:{&quot;unit&quot;:&quot;%&quot;,&quot;size&quot;:&quot;&quot;,&quot;sizes&quot;:{&quot;start&quot;:&quot;0&quot;,&quot;end&quot;:&quot;50&quot;}}}\" data-widget_type=\"image.default\">\n\t\t\t\t<div class=\"elementor-widget-container\">\n\t\t\t\t\t<div class=\"elementor-image\">\n\t\t\t\t\t\t\t\t\t\t<img width=\"1920\" height=\"1279\" src=\"https:\/\/institutbuhara.de\/wp-content\/uploads\/2020\/08\/phone-869669_1920.jpg\" class=\"attachment-full size-full\" alt=\"\" decoding=\"async\" loading=\"lazy\" srcset=\"https:\/\/institutbuhara.de\/wp-content\/uploads\/2020\/08\/phone-869669_1920.jpg 1920w, https:\/\/institutbuhara.de\/wp-content\/uploads\/2020\/08\/phone-869669_1920-300x200.jpg 300w, https:\/\/institutbuhara.de\/wp-content\/uploads\/2020\/08\/phone-869669_1920-1024x682.jpg 1024w, https:\/\/institutbuhara.de\/wp-content\/uploads\/2020\/08\/phone-869669_1920-768x512.jpg 768w, https:\/\/institutbuhara.de\/wp-content\/uploads\/2020\/08\/phone-869669_1920-1536x1023.jpg 1536w\" sizes=\"(max-width: 1920px) 100vw, 1920px\" \/>\t\t\t\t\t\t\t\t\t\t\t<\/div>\n\t\t\t\t<\/div>\n\t\t\t\t<\/div>\n\t\t\t\t\t\t<\/div>\n\t\t\t\t\t<\/div>\n\t\t<\/div>\n\t\t\t\t\t\t\t\t<\/div>\n\t\t\t\t\t<\/div>\n\t\t<\/section>\n\t\t\t\t\t\t<\/div>\n\t\t\t\t\t\t<\/div>\n\t\t\t\t\t<\/div>\n\t\t<\/div>\n\t\t\t\t<\/div>\n\t\t\t\t<\/div>\n\t\t\t\t\t\t<\/div>\n\t\t\t\t\t<\/div>\n\t\t<\/div>\n\t\t\t\t\t\t\t\t<\/div>\n\t\t\t\t\t<\/div>\n\t\t<\/section>\n\t\t\t\t\t\t<\/div>\n\t\t\t\t\t\t<\/div>\n\t\t\t\t\t<\/div>\n\t\t","protected":false},"excerpt":{"rendered":"","protected":false},"author":4,"featured_media":0,"parent":0,"menu_order":0,"comment_status":"closed","ping_status":"closed","template":"","meta":[],"aioseo_notices":[],"_links":{"self":[{"href":"https:\/\/institutbuhara.de\/index.php?rest_route=\/wp\/v2\/pages\/1067"}],"collection":[{"href":"https:\/\/institutbuhara.de\/index.php?rest_route=\/wp\/v2\/pages"}],"about":[{"href":"https:\/\/institutbuhara.de\/index.php?rest_route=\/wp\/v2\/types\/page"}],"author":[{"embeddable":true,"href":"https:\/\/institutbuhara.de\/index.php?rest_route=\/wp\/v2\/users\/4"}],"replies":[{"embeddable":true,"href":"https:\/\/institutbuhara.de\/index.php?rest_route=%2Fwp%2Fv2%2Fcomments&post=1067"}],"version-history":[{"count":10,"href":"https:\/\/institutbuhara.de\/index.php?rest_route=\/wp\/v2\/pages\/1067\/revisions"}],"predecessor-version":[{"id":2235,"href":"https:\/\/institutbuhara.de\/index.php?rest_route=\/wp\/v2\/pages\/1067\/revisions\/2235"}],"wp:attachment":[{"href":"https:\/\/institutbuhara.de\/index.php?rest_route=%2Fwp%2Fv2%2Fmedia&parent=1067"}],"curies":[{"name":"wp","href":"https:\/\/api.w.org\/{rel}","templated":true}]}}